{"id":1428,"date":"2025-09-13T00:14:08","date_gmt":"2025-09-12T22:14:08","guid":{"rendered":"http:\/\/www.malczyce.archidiecezja.wroc.pl\/?page_id=1428"},"modified":"2025-09-14T13:41:05","modified_gmt":"2025-09-14T11:41:05","slug":"pielgrzymka-do-guadalupe","status":"publish","type":"page","link":"http:\/\/www.malczyce.archidiecezja.wroc.pl\/?page_id=1428","title":{"rendered":"Pielgrzymka na Warmi\u0119 i Podlasie"},"content":{"rendered":"\n<p><strong><u>PIELGRZYMKA NA WARMI\u0118 I PODLASIE<\/u><\/strong><\/p>\n\n\n\n<p>Termin:<strong> 04.06. \u2013 07.06.2026r.<\/strong><\/p>\n\n\n\n<p><strong>Gietrzwa\u0142d, Podlasie, Szlak Tatarski, Puszcza Bia\u0142owieska<\/strong><\/p>\n\n\n\n<p><strong>1 dzie\u0144<\/strong>:&nbsp; wyjazd z Malczyc o godz.12:30, przejazd do Gietrzwa\u0142du po\u0142o\u017conego na Warmii, miejsca polskich objawie\u0144 maryjnych, modlitwa w Sanktuarium Matki Bo\u017cej Gietrzwa\u0142dzkiej. Zakwaterowanie, obiadokolacja, nocleg w Domu Pielgrzyma.<\/p>\n\n\n\n<p><strong>2 dzie\u0144<\/strong>: \u015bniadanie, Msza \u015bw.; przejazd do Supora\u015bla, gdzie zobaczymy zesp\u00f3\u0142 klasztorny (monaster)-Cerkiew Zwiastowania, nast\u0119pnie Kruszyniany, wizyta w meczecie, gdzie dowiemy si\u0119 o historii Tatar\u00f3w polskich, nawiedzenie cmentarza muzu\u0142ma\u0144skiego. Czas wolny w \u201ejurcie tatarskiej\u201d z mo\u017cliwo\u015bci\u0105 skosztowania specja\u0142\u00f3w kuchni tatarskiej, obiadokolacja, nocleg.<\/p>\n\n\n\n<p><strong>3 dzie\u0144<\/strong>: \u015bniadanie, wizyta na \u015awi\u0119tej G\u00f3rze Grabarce, zwanej G\u00f3r\u0105 Krzy\u017cy-licznie rozmieszczonych wok\u00f3\u0142 cerkwi Przemienienia Pa\u0144skiego ( jest ich oko\u0142o 12000 ), \u017ar\u00f3de\u0142ko. Nast\u0119pnie przejazd do Rezerwatu \u017bubr\u00f3w z rzadkimi gatunkami zwierz\u0105t Puszczy; \u017cubry, koniki typu tarpan, \u017cubronie, \u0142osie. Powr\u00f3t na miejsce zakwaterowania, Msza \u015bw; obiadokolacja, nocleg.<\/p>\n\n\n\n<p><strong>4 dzie\u0144<\/strong>: \u015bniadanie, wykwaterowanie, przejazd do Tykocina, Msza \u015bw; spacer po star\u00f3wce: plac Stefana Czarnieckiego, zesp\u00f3\u0142 ko\u015bcielny pw. Tr\u00f3jcy Przenaj\u015bwi\u0119tszej, dalej zwiedzanie z przewodnikiem zamku<br>w Tykocinie, obiad, Powr\u00f3t do Malczyc w godzinach wieczornych.<\/p>\n\n\n\n<p><em>Kolejno\u015b\u0107 zwiedzania mo\u017ce ulec zmianie.<\/em><em><\/em><\/p>\n\n\n\n<p><strong><em>Cena zawiera:<\/em><\/strong><em> <\/em><strong><em><\/em><\/strong><\/p>\n\n\n\n<ul>\n<li><em>transport komfortowym autokarem<\/em><\/li>\n\n\n\n<li><em>3 noclegi, pokoje 2,3,4-osobowe<\/em><\/li>\n\n\n\n<li><em>3 \u015bniadania, 3 obiadokolacje, obiad na powrocie<\/em><\/li>\n\n\n\n<li><em>opieka licencjonowanego pilota oraz kap\u0142ana<\/em><em><\/em><\/li>\n\n\n\n<li><em>przewodnicy lokalni<\/em><em><\/em><\/li>\n\n\n\n<li><em>ubezpieczenie turystyczne NNW ( Signal Iduna )<\/em><\/li>\n\n\n\n<li><em>op\u0142aty drogowe, parkingi, rezerwacje<\/em><\/li>\n\n\n\n<li><em>bilety wst\u0119pu: Rezerwat \u017bubr\u00f3w, Cerkiew Zwiastowania w Supra\u015blu, meczet w Kruszynianach, zamek w Tykocinie<\/em><\/li>\n\n\n\n<li><em>Turystyczny Fundusz Gwarancyjny oraz Pomostowy Fundusz Gwarancyjny<\/em><\/li>\n<\/ul>\n\n\n\n<p><strong><em>Cena: <\/em><\/strong><em>1 600 z\u0142\/os.&nbsp;&nbsp;&nbsp;<\/em><\/p>\n\n\n\n<p><strong><em>Zapisy i szczeg\u00f3\u0142owe informacje u ks. Adama.&nbsp;<\/em><\/strong><\/p>\n\n\n\n<p><strong><em>(&nbsp; tel. <\/em><\/strong><strong>71 317 92 17 )<\/strong><strong><em><\/em><\/strong><\/p>\n","protected":false},"excerpt":{"rendered":"<p>PIELGRZYMKA NA WARMI\u0118 I PODLASIE Termin: 04.06. \u2013 07.06.2026r. Gietrzwa\u0142d, Podlasie, Szlak Tatarski, Puszcza Bia\u0142owieska 1 dzie\u0144:&nbsp; wyjazd z Malczyc o godz.12:30, przejazd do Gietrzwa\u0142du po\u0142o\u017conego na Warmii, miejsca polskich objawie\u0144 maryjnych, modlitwa w Sanktuarium Matki Bo\u017cej Gietrzwa\u0142dzkiej. Zakwaterowanie, obiadokolacja, &hellip; <a href=\"http:\/\/www.malczyce.archidiecezja.wroc.pl\/?page_id=1428\">Czytaj dalej <span class=\"meta-nav\">&rarr;<\/span><\/a><\/p>\n","protected":false},"author":1,"featured_media":0,"parent":0,"menu_order":0,"comment_status":"closed","ping_status":"closed","template":"","meta":[],"_links":{"self":[{"href":"http:\/\/www.malczyce.archidiecezja.wroc.pl\/index.php?rest_route=\/wp\/v2\/pages\/1428"}],"collection":[{"href":"http:\/\/www.malczyce.archidiecezja.wroc.pl\/index.php?rest_route=\/wp\/v2\/pages"}],"about":[{"href":"http:\/\/www.malczyce.archidiecezja.wroc.pl\/index.php?rest_route=\/wp\/v2\/types\/page"}],"author":[{"embeddable":true,"href":"http:\/\/www.malczyce.archidiecezja.wroc.pl\/index.php?rest_route=\/wp\/v2\/users\/1"}],"replies":[{"embeddable":true,"href":"http:\/\/www.malczyce.archidiecezja.wroc.pl\/index.php?rest_route=%2Fwp%2Fv2%2Fcomments&post=1428"}],"version-history":[{"count":2,"href":"http:\/\/www.malczyce.archidiecezja.wroc.pl\/index.php?rest_route=\/wp\/v2\/pages\/1428\/revisions"}],"predecessor-version":[{"id":1502,"href":"http:\/\/www.malczyce.archidiecezja.wroc.pl\/index.php?rest_route=\/wp\/v2\/pages\/1428\/revisions\/1502"}],"wp:attachment":[{"href":"http:\/\/www.malczyce.archidiecezja.wroc.pl\/index.php?rest_route=%2Fwp%2Fv2%2Fmedia&parent=1428"}],"curies":[{"name":"wp","href":"https:\/\/api.w.org\/{rel}","templated":true}]}}